{"id":31229,"date":"2024-05-31T14:50:09","date_gmt":"2024-05-31T14:50:09","guid":{"rendered":"https:\/\/tiff.vn\/?post_type=product&#038;p=31229"},"modified":"2024-06-27T03:33:14","modified_gmt":"2024-06-27T03:33:14","slug":"bo-hoa-cam-tay-co-dau-marry-me-t11","status":"publish","type":"product","link":"https:\/\/tiff.vn\/?product=bo-hoa-cam-tay-co-dau-marry-me-t11","title":{"rendered":"B\u00f3 Hoa C\u1ea7m Tay C\u00f4 D\u00e2u Marry Me &#8211; T11"},"content":{"rendered":"<p><span style=\"color: #000000;\"><strong><span style=\"vertical-align: inherit;\"><span style=\"vertical-align: inherit;\">Marry Me<\/span><\/span><\/strong><span style=\"vertical-align: inherit;\"><span style=\"vertical-align: inherit;\"> l\u00e0 B\u00f3 Hoa tay c\u00f4 d\u00e2u v\u1edbi phong c\u00e1ch c\u00e1ch t\u00e2n hi\u1ec7n \u0111\u1ea1i, mang h\u01a1i h\u01b0\u1edbng c\u1ee7a nh\u1eefng \u0111\u00e1m c\u01b0\u1edbi ph\u01b0\u01a1ng T\u00e2y. <\/span><span style=\"vertical-align: inherit;\">Giai \u0111i\u1ec7u hoa ch\u1ee7 \u0111\u1ea1o l\u00e0 h\u1ed3ng v\u00e0 tr\u1eafng \u0111an xen t\u00ecnh t\u1ebf trong B\u00f3 Hoa tay nh\u1ecf nh\u1eafn m\u00e0 c\u0169ng r\u1ea5t n\u1ed5i b\u1eadt n\u00e0y.<\/span><\/span><\/span><\/p>\n<p><span style=\"color: #000000;\"><strong><span style=\"vertical-align: inherit;\"><span style=\"vertical-align: inherit;\">S\u1ea3n ph\u1ea9m bao g\u1ed3m:<\/span><\/span><\/strong><\/span><\/p>\n<p><span style=\"color: #000000;\"><span style=\"vertical-align: inherit;\"><span style=\"vertical-align: inherit;\">+ Hoa H\u1ed3ng Ohara nh\u1eadp kh\u1ea9u<\/span><\/span><\/span><\/p>\n<p><span style=\"color: #000000;\"><span style=\"vertical-align: inherit;\"><span style=\"vertical-align: inherit;\">+ Hoa Lan H\u1ed3 \u0110i\u1ec7p<\/span><\/span><\/span><\/p>\n<p><span style=\"color: #000000;\"><span style=\"vertical-align: inherit;\"><span style=\"vertical-align: inherit;\">+ Hoa Mao L\u01b0\u01a1ng nh\u1eadp kh\u1ea9u\u00a0<\/span><\/span><\/span><\/p>\n<p><span style=\"color: #000000;\"><span style=\"vertical-align: inherit;\"><span style=\"vertical-align: inherit;\">+ Hoa H\u1ed3ng M\u00f4n<\/span><\/span><\/span><\/p>\n<p><span style=\"color: #000000;\"><span style=\"vertical-align: inherit;\"><span style=\"vertical-align: inherit;\">+ Hoa h\u1ed3ng t\u00edm m\u00f4n<\/span><\/span><\/span><\/p>\n<p><span style=\"color: #000000;\"><span style=\"vertical-align: inherit;\"><span style=\"vertical-align: inherit;\">+ Hoa C\u1ea9m T\u00fa C\u1ea7u h\u1ed3ng nh\u1eadp kh\u1ea9u<\/span><\/span><\/span><\/p>\n<p><span style=\"color: #000000;\"><span style=\"vertical-align: inherit;\"><span style=\"vertical-align: inherit;\">+ Chu\u1ed7i ng\u1ecdc h\u1ed3ng<\/span><\/span><\/span><\/p>\n<p><span style=\"color: #000000;\"><span style=\"vertical-align: inherit;\"><span style=\"vertical-align: inherit;\">+ C\u00e1c lo\u1ea1i hoa l\u00e1 ph\u1ee5 cao c\u1ea5p.<\/span><\/span><\/span><\/p>\n<p><span style=\"color: #000000;\"><strong><span style=\"vertical-align: inherit;\"><span style=\"vertical-align: inherit;\">TIFF Flowers<\/span><\/span><\/strong><span style=\"vertical-align: inherit;\"><span style=\"vertical-align: inherit;\"> cam k\u1ebft ch\u1ea5t l\u01b0\u1ee3ng hoa tr\u00ean t\u1eebng s\u1ea3n ph\u1ea9m \u0111\u01b0\u1ee3c giao \u0111\u1ebfn tay kh\u00e1ch h\u00e0ng<\/span><\/span><\/span><\/p>\n<p><span style=\"color: #000000;\"><em><span style=\"vertical-align: inherit;\"><span style=\"vertical-align: inherit;\">L\u01b0u \u00fd: Gi\u00e1 s\u1ea3n ph\u1ea9m ch\u01b0a bao g\u1ed3m VAT <\/span><\/span><span lang=\"VI\"><span style=\"vertical-align: inherit;\"><span style=\"vertical-align: inherit;\">.<\/span><\/span><\/span><\/em><\/span><\/p>\n<p><span style=\"vertical-align: inherit;\"><span style=\"vertical-align: inherit;\">&#8212;<\/span><\/span><\/p>\n<p><span style=\"vertical-align: inherit;\"><span style=\"vertical-align: inherit;\">TIFFANY WEDDING &amp; EVENT \u2013 H\u01a0N C\u1ea2 B\u1ea0N MONG \u0110\u1ee2I<\/span><\/span><\/p>\n<p><span style=\"vertical-align: inherit;\"><span style=\"vertical-align: inherit;\">Hotline: 0836 999 088 &#8211; 0836 888 099<\/span><\/span><\/p>\n<p><span style=\"vertical-align: inherit;\"><span style=\"vertical-align: inherit;\">\u0110\u1ecba ch\u1ec9:<\/span><\/span><\/p>\n<ul>\n<li><span style=\"vertical-align: inherit;\"><span style=\"vertical-align: inherit;\">H\u00e0 N\u1ed9i: 125 Nghi T\u00e0m, T\u00e2y H\u1ed3<\/span><\/span><\/li>\n<li><span style=\"vertical-align: inherit;\"><span style=\"vertical-align: inherit;\">H\u1ed3 Ch\u00ed Minh: 180\/45 Nguy\u1ec5n H\u1eefu C\u1ea3nh, P22, Q B\u00ecnh Th\u1ea1nh<\/span><\/span><\/li>\n<\/ul>\n<p><span style=\"vertical-align: inherit;\"><span style=\"vertical-align: inherit;\">Website: https:\/\/tiff.vn\/<\/span><\/span><\/p>\n<p><span style=\"vertical-align: inherit;\"><span style=\"vertical-align: inherit;\">Li\u00ean h\u1ec7 \u0111\u1eb7t l\u1ecbch h\u1eb9n<\/span><\/span><\/p>\n","protected":false},"excerpt":{"rendered":"<p><span style=\"color: #000000;\"><span style=\"vertical-align: inherit;\"><span style=\"vertical-align: inherit;\">B\u00f3 hoa c\u00f3 s\u1eafc t\u01b0\u01a1i s\u00e1ng, ng\u1ecdt ng\u00e0o v\u1edbi s\u1ef1 \u0111an xen h\u00e0i h\u00f2a c\u1ee7a nhi\u1ec1u lo\u1ea1i hoa cao c\u1ea5p, hi\u1ec7n \u0111\u1ea1i.<\/span><\/span><\/span><\/p>\n<p><span style=\"color: #000000;\"><span style=\"vertical-align: inherit;\"><span style=\"vertical-align: inherit;\">B\u1ed9 hoa s\u1eed d\u1ee5ng hoa nh\u1eadp kh\u1ea9u: Hoa H\u1ed3ng Ohara nh\u1eadp kh\u1ea9u, Hoa Lan H\u1ed3 \u0110i\u1ec7p, Hoa Mao L\u01b0\u01a1ng nh\u1eadp kh\u1ea9u, Hoa H\u1ed3ng M\u00f4n, hoa h\u1ed3ng t\u00edm m\u00f4n, hoa c\u1ea9m t\u00fa c\u1ea7u h\u1ed3ng nh\u1eadp kh\u1ea9u, chu\u1ed7i ng\u1ecdc h\u1ed3ng v\u00e0 c\u00e1c lo\u1ea1i hoa l\u00e1 ph\u1ee5 cao c\u1ea5p kh\u00e1c.<\/span><\/span><\/span><\/p>\n<p><span style=\"color: #000000;\"><strong><em><span style=\"vertical-align: inherit;\"><span style=\"vertical-align: inherit;\">T\u1eb7ng mi\u1ec5n ph\u00ed \u2013 bi\u1ec3u ng\u1eef ch\u00fac m\u1eebng thi\u1ebft k\u1ebf (vui l\u00f2ng ghi r\u00f5 trong m\u1ee5c ghi ch\u00fa).<\/span><\/span><\/em><\/strong><\/span><\/p>\n<p><span style=\"color: #000000;\"><strong><em><span style=\"vertical-align: inherit;\"><span style=\"vertical-align: inherit;\">Giao hoa g\u1ea5p trong m\u1ed9t gi\u1edd.<\/span><\/span><\/em><\/strong><\/span><\/p>\n<p><span style=\"color: #000000;\"><strong><em><span style=\"vertical-align: inherit;\"><span style=\"vertical-align: inherit;\">Cam k\u1ebft ho\u00e0n ti\u1ec1n 100% n\u1ebfu b\u1ea1n kh\u00f4ng h\u00e0i l\u00f2ng.<\/span><\/span><\/em><\/strong><\/span><\/p>\n<p><span style=\"vertical-align: inherit;\"><span style=\"vertical-align: inherit;\">&#8212;<\/span><\/span><\/p>\n<p><span style=\"vertical-align: inherit;\"><span style=\"vertical-align: inherit;\">TIFFANY WEDDING &amp; EVENT \u2013 H\u01a0N C\u1ea2 B\u1ea0N MONG \u0110\u1ee2I<\/span><\/span><\/p>\n<p><span style=\"vertical-align: inherit;\"><span style=\"vertical-align: inherit;\">Hotline: 0836 999 088 &#8211; 0836 888 099<\/span><\/span><\/p>\n<p><span style=\"vertical-align: inherit;\"><span style=\"vertical-align: inherit;\">\u0110\u1ecba ch\u1ec9:<\/span><\/span><\/p>\n<ul>\n<li><span style=\"vertical-align: inherit;\"><span style=\"vertical-align: inherit;\">H\u00e0 N\u1ed9i: 125 Nghi T\u00e0m, T\u00e2y H\u1ed3<\/span><\/span><\/li>\n<li><span style=\"vertical-align: inherit;\"><span style=\"vertical-align: inherit;\">H\u1ed3 Ch\u00ed Minh: 180\/45 Nguy\u1ec5n H\u1eefu C\u1ea3nh, P22, Q B\u00ecnh Th\u1ea1nh<\/span><\/span><\/li>\n<\/ul>\n<p><span style=\"vertical-align: inherit;\"><span style=\"vertical-align: inherit;\">Website: https:\/\/tiff.vn\/<\/span><\/span><\/p>\n<p><span style=\"vertical-align: inherit;\"><span style=\"vertical-align: inherit;\">Li\u00ean h\u1ec7 \u0111\u1eb7t l\u1ecbch h\u1eb9n<\/span><\/span><\/p>\n","protected":false},"featured_media":39978,"comment_status":"closed","ping_status":"closed","template":"","meta":{"_acf_changed":false},"product_brand":[],"product_cat":[362,382],"product_tag":[],"class_list":{"0":"post-31229","1":"product","2":"type-product","3":"status-publish","4":"has-post-thumbnail","6":"product_cat-hoa-cuoi","7":"product_cat-hoa-cuoi-cam-tay","9":"first","10":"instock","11":"sale","12":"shipping-taxable","13":"purchasable","14":"product-type-simple"},"acf":[],"yoast_head":"<!-- This site is optimized with the Yoast SEO plugin v25.0 - https:\/\/yoast.com\/wordpress\/plugins\/seo\/ -->\n<title>B\u00f3 hoa tay c\u01b0\u1edbi phong c\u00e1ch ch\u00e2u \u00c2u - \u0110i\u1ec7n hoa t\u01b0\u01a1i online 24h.<\/title>\n<meta name=\"description\" content=\"Marry Me l\u00e0 b\u00f3 hoa tay c\u00f4 d\u00e2u v\u1edbi phong c\u00e1ch c\u1eafm r\u1ee7 hi\u1ec7n \u0111\u1ea1i, c\u00f9ng tone m\u00e0u tr\u1eafng, h\u1ed3ng mang h\u01a1i h\u01b0\u1edbng c\u1ee7a nh\u1eefng \u0111\u00e1m c\u01b0\u1edbi ph\u01b0\u01a1ng T\u00e2y\" \/>\n<meta name=\"robots\" content=\"index, follow, max-snippet:-1, max-image-preview:large, max-video-preview:-1\" \/>\n<link rel=\"canonical\" href=\"https:\/\/tiff.vn\/?product=bo-hoa-cam-tay-co-dau-marry-me-t11\" \/>\n<meta property=\"og:locale\" content=\"vi_VN\" \/>\n<meta property=\"og:type\" content=\"article\" \/>\n<meta property=\"og:title\" content=\"B\u00f3 hoa tay c\u01b0\u1edbi phong c\u00e1ch ch\u00e2u \u00c2u - \u0110i\u1ec7n hoa t\u01b0\u01a1i online 24h.\" \/>\n<meta property=\"og:description\" content=\"Marry Me l\u00e0 b\u00f3 hoa tay c\u00f4 d\u00e2u v\u1edbi phong c\u00e1ch c\u1eafm r\u1ee7 hi\u1ec7n \u0111\u1ea1i, c\u00f9ng tone m\u00e0u tr\u1eafng, h\u1ed3ng mang h\u01a1i h\u01b0\u1edbng c\u1ee7a nh\u1eefng \u0111\u00e1m c\u01b0\u1edbi ph\u01b0\u01a1ng T\u00e2y\" \/>\n<meta property=\"og:url\" content=\"https:\/\/tiff.vn\/?product=bo-hoa-cam-tay-co-dau-marry-me-t11\" \/>\n<meta property=\"og:site_name\" content=\"Tiff Planner | Tiffany Wedding &amp; Event\" \/>\n<meta property=\"article:modified_time\" content=\"2024-06-27T03:33:14+00:00\" \/>\n<meta property=\"og:image\" content=\"https:\/\/tiff.vn\/wp-content\/uploads\/2024\/06\/Bo-hoa-cam-tay-co-dau-Marry-Me-T11.jpg\" \/>\n\t<meta property=\"og:image:width\" content=\"2348\" \/>\n\t<meta property=\"og:image:height\" content=\"2348\" \/>\n\t<meta property=\"og:image:type\" content=\"image\/jpeg\" \/>\n<meta name=\"twitter:card\" content=\"summary_large_image\" \/>\n<meta name=\"twitter:label1\" content=\"\u01af\u1edbc t\u00ednh th\u1eddi gian \u0111\u1ecdc\" \/>\n\t<meta name=\"twitter:data1\" content=\"1 ph\u00fat\" \/>\n<script type=\"application\/ld+json\" class=\"yoast-schema-graph\">{\"@context\":\"https:\/\/schema.org\",\"@graph\":[{\"@type\":\"WebPage\",\"@id\":\"https:\/\/tiff.vn\/?product=bo-hoa-cam-tay-co-dau-marry-me-t11\",\"url\":\"https:\/\/tiff.vn\/?product=bo-hoa-cam-tay-co-dau-marry-me-t11\",\"name\":\"B\u00f3 hoa tay c\u01b0\u1edbi phong c\u00e1ch ch\u00e2u \u00c2u - \u0110i\u1ec7n hoa t\u01b0\u01a1i online 24h.\",\"isPartOf\":{\"@id\":\"http:\/\/103.159.50.39\/#website\"},\"primaryImageOfPage\":{\"@id\":\"https:\/\/tiff.vn\/?product=bo-hoa-cam-tay-co-dau-marry-me-t11#primaryimage\"},\"image\":{\"@id\":\"https:\/\/tiff.vn\/?product=bo-hoa-cam-tay-co-dau-marry-me-t11#primaryimage\"},\"thumbnailUrl\":\"https:\/\/tiff.vn\/wp-content\/uploads\/2024\/06\/Bo-hoa-cam-tay-co-dau-Marry-Me-T11.jpg\",\"datePublished\":\"2024-05-31T14:50:09+00:00\",\"dateModified\":\"2024-06-27T03:33:14+00:00\",\"description\":\"Marry Me l\u00e0 b\u00f3 hoa tay c\u00f4 d\u00e2u v\u1edbi phong c\u00e1ch c\u1eafm r\u1ee7 hi\u1ec7n \u0111\u1ea1i, c\u00f9ng tone m\u00e0u tr\u1eafng, h\u1ed3ng mang h\u01a1i h\u01b0\u1edbng c\u1ee7a nh\u1eefng \u0111\u00e1m c\u01b0\u1edbi ph\u01b0\u01a1ng T\u00e2y\",\"breadcrumb\":{\"@id\":\"https:\/\/tiff.vn\/?product=bo-hoa-cam-tay-co-dau-marry-me-t11#breadcrumb\"},\"inLanguage\":\"vi\",\"potentialAction\":[{\"@type\":\"ReadAction\",\"target\":[\"https:\/\/tiff.vn\/?product=bo-hoa-cam-tay-co-dau-marry-me-t11\"]}]},{\"@type\":\"ImageObject\",\"inLanguage\":\"vi\",\"@id\":\"https:\/\/tiff.vn\/?product=bo-hoa-cam-tay-co-dau-marry-me-t11#primaryimage\",\"url\":\"https:\/\/tiff.vn\/wp-content\/uploads\/2024\/06\/Bo-hoa-cam-tay-co-dau-Marry-Me-T11.jpg\",\"contentUrl\":\"https:\/\/tiff.vn\/wp-content\/uploads\/2024\/06\/Bo-hoa-cam-tay-co-dau-Marry-Me-T11.jpg\",\"width\":2348,\"height\":2348},{\"@type\":\"BreadcrumbList\",\"@id\":\"https:\/\/tiff.vn\/?product=bo-hoa-cam-tay-co-dau-marry-me-t11#breadcrumb\",\"itemListElement\":[{\"@type\":\"ListItem\",\"position\":1,\"name\":\"Home\",\"item\":\"http:\/\/103.159.50.39\/\"},{\"@type\":\"ListItem\",\"position\":2,\"name\":\"S\u1ea3n ph\u1ea9m\",\"item\":\"https:\/\/tiff.vn\/?post_type=product\"},{\"@type\":\"ListItem\",\"position\":3,\"name\":\"B\u00f3 Hoa C\u1ea7m Tay C\u00f4 D\u00e2u Marry Me &#8211; T11\"}]},{\"@type\":\"WebSite\",\"@id\":\"http:\/\/103.159.50.39\/#website\",\"url\":\"http:\/\/103.159.50.39\/\",\"name\":\"Tiff Wedding Planner & Decoration\",\"description\":\"Top Wedding &amp; Event Planner h\u00e0ng \u0111\u1ea7u Vi\u1ec7t Nam - Ti\u00ean phong ki\u1ebfn t\u1ea1o nh\u1eefng \u0111\u00e1m c\u01b0\u1edbi \u0111\u1ed9c b\u1ea3n v\u00e0 s\u1ef1 ki\u1ec7n \u0111\u1eb3ng c\u1ea5p\",\"publisher\":{\"@id\":\"http:\/\/103.159.50.39\/#organization\"},\"alternateName\":\"Tiff Wedding Planner & Decoration\",\"potentialAction\":[{\"@type\":\"SearchAction\",\"target\":{\"@type\":\"EntryPoint\",\"urlTemplate\":\"http:\/\/103.159.50.39\/?s={search_term_string}\"},\"query-input\":{\"@type\":\"PropertyValueSpecification\",\"valueRequired\":true,\"valueName\":\"search_term_string\"}}],\"inLanguage\":\"vi\"},{\"@type\":\"Organization\",\"@id\":\"http:\/\/103.159.50.39\/#organization\",\"name\":\"Tiff Wedding Planner & Decoration\",\"url\":\"http:\/\/103.159.50.39\/\",\"logo\":{\"@type\":\"ImageObject\",\"inLanguage\":\"vi\",\"@id\":\"http:\/\/103.159.50.39\/#\/schema\/logo\/image\/\",\"url\":\"https:\/\/tiff.vn\/wp-content\/uploads\/2023\/05\/logo_main.png\",\"contentUrl\":\"https:\/\/tiff.vn\/wp-content\/uploads\/2023\/05\/logo_main.png\",\"width\":228,\"height\":64,\"caption\":\"Tiff Wedding Planner & Decoration\"},\"image\":{\"@id\":\"http:\/\/103.159.50.39\/#\/schema\/logo\/image\/\"}}]}<\/script>\n<!-- \/ Yoast SEO plugin. -->","yoast_head_json":{"title":"B\u00f3 hoa tay c\u01b0\u1edbi phong c\u00e1ch ch\u00e2u \u00c2u - \u0110i\u1ec7n hoa t\u01b0\u01a1i online 24h.","description":"Marry Me l\u00e0 b\u00f3 hoa tay c\u00f4 d\u00e2u v\u1edbi phong c\u00e1ch c\u1eafm r\u1ee7 hi\u1ec7n \u0111\u1ea1i, c\u00f9ng tone m\u00e0u tr\u1eafng, h\u1ed3ng mang h\u01a1i h\u01b0\u1edbng c\u1ee7a nh\u1eefng \u0111\u00e1m c\u01b0\u1edbi ph\u01b0\u01a1ng T\u00e2y","robots":{"index":"index","follow":"follow","max-snippet":"max-snippet:-1","max-image-preview":"max-image-preview:large","max-video-preview":"max-video-preview:-1"},"canonical":"https:\/\/tiff.vn\/?product=bo-hoa-cam-tay-co-dau-marry-me-t11","og_locale":"vi_VN","og_type":"article","og_title":"B\u00f3 hoa tay c\u01b0\u1edbi phong c\u00e1ch ch\u00e2u \u00c2u - \u0110i\u1ec7n hoa t\u01b0\u01a1i online 24h.","og_description":"Marry Me l\u00e0 b\u00f3 hoa tay c\u00f4 d\u00e2u v\u1edbi phong c\u00e1ch c\u1eafm r\u1ee7 hi\u1ec7n \u0111\u1ea1i, c\u00f9ng tone m\u00e0u tr\u1eafng, h\u1ed3ng mang h\u01a1i h\u01b0\u1edbng c\u1ee7a nh\u1eefng \u0111\u00e1m c\u01b0\u1edbi ph\u01b0\u01a1ng T\u00e2y","og_url":"https:\/\/tiff.vn\/?product=bo-hoa-cam-tay-co-dau-marry-me-t11","og_site_name":"Tiff Planner | Tiffany Wedding &amp; Event","article_modified_time":"2024-06-27T03:33:14+00:00","og_image":[{"width":2348,"height":2348,"url":"https:\/\/tiff.vn\/wp-content\/uploads\/2024\/06\/Bo-hoa-cam-tay-co-dau-Marry-Me-T11.jpg","type":"image\/jpeg"}],"twitter_card":"summary_large_image","twitter_misc":{"\u01af\u1edbc t\u00ednh th\u1eddi gian \u0111\u1ecdc":"1 ph\u00fat"},"schema":{"@context":"https:\/\/schema.org","@graph":[{"@type":"WebPage","@id":"https:\/\/tiff.vn\/?product=bo-hoa-cam-tay-co-dau-marry-me-t11","url":"https:\/\/tiff.vn\/?product=bo-hoa-cam-tay-co-dau-marry-me-t11","name":"B\u00f3 hoa tay c\u01b0\u1edbi phong c\u00e1ch ch\u00e2u \u00c2u - \u0110i\u1ec7n hoa t\u01b0\u01a1i online 24h.","isPartOf":{"@id":"http:\/\/103.159.50.39\/#website"},"primaryImageOfPage":{"@id":"https:\/\/tiff.vn\/?product=bo-hoa-cam-tay-co-dau-marry-me-t11#primaryimage"},"image":{"@id":"https:\/\/tiff.vn\/?product=bo-hoa-cam-tay-co-dau-marry-me-t11#primaryimage"},"thumbnailUrl":"https:\/\/tiff.vn\/wp-content\/uploads\/2024\/06\/Bo-hoa-cam-tay-co-dau-Marry-Me-T11.jpg","datePublished":"2024-05-31T14:50:09+00:00","dateModified":"2024-06-27T03:33:14+00:00","description":"Marry Me l\u00e0 b\u00f3 hoa tay c\u00f4 d\u00e2u v\u1edbi phong c\u00e1ch c\u1eafm r\u1ee7 hi\u1ec7n \u0111\u1ea1i, c\u00f9ng tone m\u00e0u tr\u1eafng, h\u1ed3ng mang h\u01a1i h\u01b0\u1edbng c\u1ee7a nh\u1eefng \u0111\u00e1m c\u01b0\u1edbi ph\u01b0\u01a1ng T\u00e2y","breadcrumb":{"@id":"https:\/\/tiff.vn\/?product=bo-hoa-cam-tay-co-dau-marry-me-t11#breadcrumb"},"inLanguage":"vi","potentialAction":[{"@type":"ReadAction","target":["https:\/\/tiff.vn\/?product=bo-hoa-cam-tay-co-dau-marry-me-t11"]}]},{"@type":"ImageObject","inLanguage":"vi","@id":"https:\/\/tiff.vn\/?product=bo-hoa-cam-tay-co-dau-marry-me-t11#primaryimage","url":"https:\/\/tiff.vn\/wp-content\/uploads\/2024\/06\/Bo-hoa-cam-tay-co-dau-Marry-Me-T11.jpg","contentUrl":"https:\/\/tiff.vn\/wp-content\/uploads\/2024\/06\/Bo-hoa-cam-tay-co-dau-Marry-Me-T11.jpg","width":2348,"height":2348},{"@type":"BreadcrumbList","@id":"https:\/\/tiff.vn\/?product=bo-hoa-cam-tay-co-dau-marry-me-t11#breadcrumb","itemListElement":[{"@type":"ListItem","position":1,"name":"Home","item":"http:\/\/103.159.50.39\/"},{"@type":"ListItem","position":2,"name":"S\u1ea3n ph\u1ea9m","item":"https:\/\/tiff.vn\/?post_type=product"},{"@type":"ListItem","position":3,"name":"B\u00f3 Hoa C\u1ea7m Tay C\u00f4 D\u00e2u Marry Me &#8211; T11"}]},{"@type":"WebSite","@id":"http:\/\/103.159.50.39\/#website","url":"http:\/\/103.159.50.39\/","name":"Tiff Wedding Planner & Decoration","description":"Top Wedding &amp; Event Planner h\u00e0ng \u0111\u1ea7u Vi\u1ec7t Nam - Ti\u00ean phong ki\u1ebfn t\u1ea1o nh\u1eefng \u0111\u00e1m c\u01b0\u1edbi \u0111\u1ed9c b\u1ea3n v\u00e0 s\u1ef1 ki\u1ec7n \u0111\u1eb3ng c\u1ea5p","publisher":{"@id":"http:\/\/103.159.50.39\/#organization"},"alternateName":"Tiff Wedding Planner & Decoration","potentialAction":[{"@type":"SearchAction","target":{"@type":"EntryPoint","urlTemplate":"http:\/\/103.159.50.39\/?s={search_term_string}"},"query-input":{"@type":"PropertyValueSpecification","valueRequired":true,"valueName":"search_term_string"}}],"inLanguage":"vi"},{"@type":"Organization","@id":"http:\/\/103.159.50.39\/#organization","name":"Tiff Wedding Planner & Decoration","url":"http:\/\/103.159.50.39\/","logo":{"@type":"ImageObject","inLanguage":"vi","@id":"http:\/\/103.159.50.39\/#\/schema\/logo\/image\/","url":"https:\/\/tiff.vn\/wp-content\/uploads\/2023\/05\/logo_main.png","contentUrl":"https:\/\/tiff.vn\/wp-content\/uploads\/2023\/05\/logo_main.png","width":228,"height":64,"caption":"Tiff Wedding Planner & Decoration"},"image":{"@id":"http:\/\/103.159.50.39\/#\/schema\/logo\/image\/"}}]}},"_links":{"self":[{"href":"https:\/\/tiff.vn\/index.php?rest_route=\/wp\/v2\/product\/31229","targetHints":{"allow":["GET"]}}],"collection":[{"href":"https:\/\/tiff.vn\/index.php?rest_route=\/wp\/v2\/product"}],"about":[{"href":"https:\/\/tiff.vn\/index.php?rest_route=\/wp\/v2\/types\/product"}],"replies":[{"embeddable":true,"href":"https:\/\/tiff.vn\/index.php?rest_route=%2Fwp%2Fv2%2Fcomments&post=31229"}],"version-history":[{"count":0,"href":"https:\/\/tiff.vn\/index.php?rest_route=\/wp\/v2\/product\/31229\/revisions"}],"wp:featuredmedia":[{"embeddable":true,"href":"https:\/\/tiff.vn\/index.php?rest_route=\/wp\/v2\/media\/39978"}],"wp:attachment":[{"href":"https:\/\/tiff.vn\/index.php?rest_route=%2Fwp%2Fv2%2Fmedia&parent=31229"}],"wp:term":[{"taxonomy":"product_brand","embeddable":true,"href":"https:\/\/tiff.vn\/index.php?rest_route=%2Fwp%2Fv2%2Fproduct_brand&post=31229"},{"taxonomy":"product_cat","embeddable":true,"href":"https:\/\/tiff.vn\/index.php?rest_route=%2Fwp%2Fv2%2Fproduct_cat&post=31229"},{"taxonomy":"product_tag","embeddable":true,"href":"https:\/\/tiff.vn\/index.php?rest_route=%2Fwp%2Fv2%2Fproduct_tag&post=31229"}],"curies":[{"name":"wp","href":"https:\/\/api.w.org\/{rel}","templated":true}]}}